f c and 6?
2
Suppose 2*t - 17 - 1 = 0. Let w be (-8037)/(-81) - 2/t. Let q be (3 + w/2)*(4 + 2). What is the highest common factor of q and 35?
35
Suppose -2051*f + 375 = -2026*f. Suppose -5*x = -822 - 378. What is the greatest common divisor of f and x?
15
Let u = -13827 - -14863. What is the greatest common factor of u and 1258?
74
Let x(q) = 2*q**2 - 21*q + 105. Let l be x(12). What is the highest common divisor of 2256 and l?
141
Let a be -2*(-5 - -18)*(-146)/4. What is the highest common divisor of a and 3942?
73
Suppose 73*z - 157*z + 96*z = 12096. What is the greatest common divisor of z and 27?
9
Suppose -5*y + 1201 = -339. Suppose 0*g - y = -2*g. Let d = -20 + 34. What is the greatest common factor of d and g?
14
Let m = 9 + -5. Let u(n) = 12 + 12*n - 10 - 11 - n**2 - 7. Let i be u(10). What is the greatest common divisor of m and i?
4
Let w be 580/(-60) + 7/((-42)/8). Let i be (-1*(220 + -2))/(2/w). Calculate the greatest common factor of i and 11.
11
Let j = -33983 - -34097. What is the highest common factor of 34542 and j?
114
Let i be 34092/15 + 128/(-160). Calculate the greatest common factor of 32 and i.
32
Let p be (-5)/(-10)*((-4)/4 + 21). Let x(c) = 94*c**2 + 4*c - 4. Let t be x(-3). What is the greatest common factor of t and p?
10
Suppose g = -5*c + 895, 3*c + 3*g + 537 = 6*c. Suppose -5*w + 655 = -r, 5*r = 5*w - c - 456. Calculate the highest common factor of w and 6.
6
Suppose -3316 = 4*h - 3412. Let p(l) = 111*l - 27. Let f be p(5). What is the highest common divisor of h and f?
24
Let m = -10590 - -11182. Calculate the greatest common divisor of 20 and m.
4
Let u = -235 - -381. Let f be u/6 + 80/48. Calculate the highest common divisor of f and 156.
26
Let f = 681 + -675. Let m be (-26350)/(-186) - 10/f. Calculate the highest common factor of m and 21.
7
Suppose -713*b = 6987503 - 25387894. Calculate the greatest common divisor of b and 197.
197
Suppose -c + 9 = -140. Let i = 770 - c. What is the highest common factor of i and 23?
23
Let l = -102 + 105. Suppose 0 = 2*s - 5*i - 55, -s + 33 + 0 = l*i. What is the highest common divisor of s and 90?
30
Suppose 15*v + 189 = 22*v. Let u = 123 - v. What is the highest common divisor of 72 and u?
24
Let f = 169 - 47. Let d = f + 301. Calculate the greatest common divisor of 9 and d.
9
Suppose -5*h - 2*h - 588 = 0. Let s = -49 - h. Suppose -275 = -3*l - s. Calculate the greatest common factor of l and 20.
20
Let u(m) = m**3 - 20*m**2 - 3*m + 80. Let f be u(20). Let c(z) = 2*z**3 - 39*z**2 - 16*z - 20. Let k be c(f). What is the highest common divisor of 16 and k?
4
Let z = -10451 + 10856. What is the greatest common factor of z and 2268?
81
Suppose -u - 5*m - 14 = 0, 749*m - 20 = 754*m. What is the highest common divisor of u and 114?
6
Suppose -g = -5*n - 152, 2*g - 4*n = 139 + 123. Calculate the greatest common factor of 441 and g.
9
Let t(l) = -36*l + 4. Let i be t(-4). Let k(n) = 31*n**2 - 129*n. Let b be k(-3). Calculate the highest common factor of b and i.
74
Let c be 2/(-21) - (-259972)/4326. What is the highest common divisor of c and 6015?
15
Let g be (49/28)/(25/1800). What is the highest common divisor of g and 576?
18
Let n be (5/(5/418))/(0 + 1). What is the highest common divisor of n and 114?
38
Suppose -92*f + 18693 = 15*f - 14*f. Calculate the highest common divisor of 30351 and f.
201
Let u be -63*(-1 + 0/1). Let a = -241 + 137. Let c = 111 + a. What is the greatest common divisor of c and u?
7
Let r(t) = 76*t - 20. Let n be r(1). Suppose 2*f - 7*f + 420 = 0. Calculate the highest common factor of n and f.
28
Let o(j) = j**2 - 8*j - 352. Let c be o(-22). Suppose 134*g + c = 148*g. Calculate the greatest common divisor of g and 594.
22
Let p be (-16)/(-232) - (-342)/87. Suppose -t + 65 = -6*t. Let s = -1 - t. What is the highest common divisor of s and p?
4
Let x(a) = -82*a + 5809. Let v be x(70). Calculate the greatest common factor of 5428 and v.
23
Let v(k) = 172*k + 1448. Let g be v(-8). What is the highest common factor of 2136 and g?
24
Suppose 4*h - 5*o - 431 = 252, 4*o = -5*h + 905. What is the greatest common factor of 118 and h?
59
Let x(p) be the first derivative of -p**2/2 + 32*p - 29. Let d be x(6). Calculate the greatest common divisor of d and 286.
26
Let z be 3/(3/(170 + (12 - 7))). Let j be (20/4)/((-5)/(-25)). Calculate the highest common divisor of j and z.
25
Suppose -11783 = 9*a - 16238. What is the highest common divisor of 15 and a?
15
Suppose 2*y = -a + 142, 0 = -a + 3*y - 8 + 160. Let x = a - 138. Calculate the highest common factor of x and 2.
2
Let p be ((4 + 30/5)*4)/(18/45). Calculate the highest common factor of 3475 and p.
25
Let r be ((-180)/(-25))/((-60)/(-200)). Suppose -1 + 17 = 4*o. Let z be o/10 - (-894)/15. Calculate the greatest common divisor of r and z.
12
Suppose -r - 5*b = -5*r + 136, -b + 102 = 3*r. Suppose -r - 8 = -u. What is the highest common factor of u and 168?
42
Let j be (23192/65)/(2/(-5)). Let n = -524 - j. Calculate the greatest common divisor of n and 48.
16
Let i(k) = 610*k - 3653. Let g be i(6). Let u(y) = -3*y. Let c be u(-1). What is the highest common divisor of g and c?
1
Let t(k) = 5*k**3 + 38*k**2 - 3*k - 12. Let c be t(10). Calculate the greatest common divisor of c and 58.
58
Let y(i) = 10 + 20284*i + 54 - 20282*i. Let w be y(-15). Calculate the greatest common divisor of w and 374.
34
Let b = -28 - -28. Suppose 4*g - 89 = y, b*g - 3*y = -4*g + 83. Suppose 1079 - 320 = 3*a. What is the greatest common factor of g and a?
23
Let i be ((-159)/(-6) - 0) + (-4)/(-8). Suppose i = 14*t - 645. Suppose -2 - 14 = -h. Calculate the greatest common divisor of t and h.
16
Suppose 27411 = 5*h - 979. Suppose 18*o - h = o. Suppose 0*l + 5*w = 3*l - 505, 2*w + o = 2*l. What is the greatest common factor of 33 and l?
33
Suppose -306 = -2*g - 0*g. Suppose 81*c - 45*c - 2492 = 1180. What is the highest common divisor of g and c?
51
Let l = 71 - 62. Let a be ((-1)/(15/(-40)))/(6/l). Suppose -a*f + 102 = -94. What is the greatest common divisor of f and 21?
7
Let u(r) = r**2 + 26*r + 193. Let b be u(-29). Calculate the highest common divisor of 182 and b.
14
Let b = -12046 + 16356. What is the highest common factor of b and 50?
10
Suppose 39359*l - 39356*l - 2079 = 0. Calculate the greatest common factor of l and 2475.
99
Let a be -3 + 6 + 28/2. Let v = -7 + a. Let w(o) = o**3 - 4*o**2 - 7*o. Let f be w(6). Calculate the greatest common factor of f and v.
10
Let q = 491 + -549. Let b = q - -69. Suppose -156 = -2*k - f - f, 2*k - 151 = 3*f. What is the greatest common divisor of k and b?
11
Suppose 0 = 18*g - 16*g - h - 595, g + h = 293. What is the highest common divisor of g and 999?
37
Suppose -4*v + 24*f - 28*f + 368 = 0, 4*v - 2*f = 356. What is the highest common factor of 24 and v?
6
Suppose -5*n + 173 - 28 = 0. Let q = -48 + n. Let m = 29 + q. What is the greatest common factor of m and 5?
5
Let i(r) = -16*r - 12. Let d be i(15). Let u = 259 + d. Calculate the highest common divisor of 287 and u.
7
Let m = -442 + 613. What is the highest common divisor of 1596 and m?
57
Suppose 49 - 137 = -2*k. Let a(i) = -9*i**2 - 165*i - 226. Let r be a(-16). What is the greatest common factor of r and k?
22
Suppose 5*n - 246 = -31. Let s = n + -39. Suppose 1 = -s*c - 11, -5*c = -p + 62. What is the greatest common factor of 329 and p?
47
Let a be (1 - 5)*((-11)/4)/11. Let q(w) = 1 + 8 + a - 17*w. Let o be q(-2). What is the greatest common factor of 66 and o?
22
Suppose 155*w - 520 = 151*w + 2*o, 0 = 4*w - 5*o - 520. What is the highest common divisor of w and 559?
13
Let b be 42779/11 - (1 - 24). What is the greatest common factor of b and 312?
24
Let x(u) = 288*u + 2. Let z be x(2). Let i = -205511 + 205545. What is the highest common factor of z and i?
34
Let i = 4443 + 4716. What is the highest common divisor of 852 and i?
213
Let w(g) = -23*g + 211. Let n(s) = s**3 + 6*s**2 + s - 13. Let y be n(-5). Let o be w(y). What is the highest common divisor of o and 200?
50
Let b(n) = 2*n**2 - 9*n - 22. Let u = -400 + 386. Let j be b(u). Calculate the greatest common factor of 8 and j.
8
Suppose -16273 = -29*o + 77252. What is the highest common divisor of 129 and o?
129
Let c be -11*(-21 + 14 + -8). Suppose -7*a = -1473 -